{"id":22,"date":"2023-06-26T12:35:49","date_gmt":"2023-06-26T12:35:49","guid":{"rendered":"https:\/\/javierfsebastian.es\/?page_id=22"},"modified":"2023-06-27T02:03:15","modified_gmt":"2023-06-27T02:03:15","slug":"prensa","status":"publish","type":"page","link":"https:\/\/javierfsebastian.es\/?page_id=22","title":{"rendered":"PRENSA"},"content":{"rendered":"\n<hr class=\"wp-block-separator has-alpha-channel-opacity is-style-wide\"\/>\n\n\n\n<p>Cap\u00edtulo-entrevista en Mauricio Meglioli, ed.,\u00a0<em>Los historiadores y sus libros<\/em>, Madrid: <strong>Guillermo Escolar, 2021<\/strong>, pp. 37-68.<\/p>\n\n\n\n<div class=\"wp-block-buttons is-content-justification-center is-layout-flex wp-container-1\">\n<div class=\"wp-block-button\"><a class=\"wp-block-button__link has-white-color has-cyan-bluish-gray-background-color has-text-color has-background has-text-align-center wp-element-button\" href=\"http:\/\/www.javierfsebastian.com\/wp-web\/wp-content\/uploads\/2021\/04\/JFS_capitulo_libro_Meglioli_Los_historiadores_y_sus_Libros_2021.pdf\" target=\"_blank\" rel=\"noreferrer noopener\">Disponible aqu\u00ed<\/a><\/div>\n<\/div>\n\n\n\n<hr class=\"wp-block-separator has-alpha-channel-opacity is-style-wide\"\/>\n\n\n\n<p>Entrevista \u201cTeor\u00eda de la Historia, conciencia hist\u00f3rica e historia conceptual: una conversaci\u00f3n con Javier Fern\u00e1ndez Sebasti\u00e1n\u201d de <strong>Daniel Ovalle Past\u00e9n<\/strong>. Historiograf\u00edas, 18 (julio-diciembre, <strong>2018<\/strong>): pp. 112-121.<\/p>\n\n\n\n<div class=\"wp-block-buttons is-content-justification-center is-layout-flex wp-container-2\">\n<div class=\"wp-block-button\"><a class=\"wp-block-button__link has-white-color has-cyan-bluish-gray-background-color has-text-color has-background wp-element-button\" href=\"http:\/\/www.javierfsebastian.com\/wp-web\/wp-content\/uploads\/2021\/04\/Entrevista_JFS_Daniel-Ovalle_2019-copia.pdf\" target=\"_blank\" rel=\"noreferrer noopener\">Disponible aqu\u00ed<\/a><\/div>\n<\/div>\n\n\n\n<hr class=\"wp-block-separator has-alpha-channel-opacity is-style-wide\"\/>\n\n\n\n<p>Entrevista de <strong>Guilherme Pereira das Neves <\/strong>para la revista Tempo. <strong>Diciembre 2018<\/strong>.<\/p>\n\n\n\n<div class=\"wp-block-buttons is-content-justification-center is-layout-flex wp-container-3\">\n<div class=\"wp-block-button\"><a class=\"wp-block-button__link has-white-color has-cyan-bluish-gray-background-color has-text-color has-background wp-element-button\" href=\"http:\/\/www.javierfsebastian.com\/wp-web\/wp-content\/uploads\/2021\/04\/JFS_Entrevista_Tempo_2018_parte_I-copia.pdf\" target=\"_blank\" rel=\"noreferrer noopener\">Disponible aqu\u00ed<\/a><\/div>\n<\/div>\n\n\n\n<hr class=\"wp-block-separator has-alpha-channel-opacity is-style-wide\"\/>\n\n\n\n<p>Entrevista en prensa \u201cDe la A a la Z\u201d en Tempo (Brasil). <strong>Noviembre 2018<\/strong>.<\/p>\n\n\n\n<div class=\"wp-block-buttons is-content-justification-center is-layout-flex wp-container-4\">\n<div class=\"wp-block-button\"><a class=\"wp-block-button__link has-white-color has-cyan-bluish-gray-background-color has-text-color has-background has-text-align-center wp-element-button\" href=\"http:\/\/www.javierfsebastian.com\/wp-web\/wp-content\/uploads\/2013\/06\/JFS_Entrevista_Tempo_2018_parte_I-2.pdf\" target=\"_blank\" rel=\"noreferrer noopener\">Disponible aqu\u00ed<\/a><\/div>\n<\/div>\n\n\n\n<hr class=\"wp-block-separator has-alpha-channel-opacity is-style-wide\"\/>\n\n\n\n<p>Entrevista de <strong>Francisco Ortega<\/strong> (UNAL, Departamento de Historia, <strong>Bogot\u00e1, 14 de octubre de 2015<\/strong>).<\/p>\n\n\n\n<figure class=\"wp-block-embed is-type-video is-provider-youtube wp-block-embed-youtube wp-embed-aspect-16-9 wp-has-aspect-ratio\"><div class=\"wp-block-embed__wrapper\">\n<iframe loading=\"lazy\" title=\"Entrevista Javier Fern\u00e1ndez Seb\u00e1stian\" width=\"640\" height=\"360\" src=\"https:\/\/www.youtube.com\/embed\/F1GF5Wrtrek?feature=oembed\" frameborder=\"0\" allow=\"accelerometer; autoplay; clipboard-write; encrypted-media; gyroscope; picture-in-picture; web-share\" allowfullscreen><\/iframe>\n<\/div><\/figure>\n\n\n\n<hr class=\"wp-block-separator has-alpha-channel-opacity is-style-wide\"\/>\n\n\n\n<p><strong>Entrevista \u2013 Revista de Hist\u00f3ria (Brasil 2013).<\/strong> Revista de Hist\u00f3ria da Biblioteca Nacional, num. 98. <\/p>\n\n\n\n<p>S\u00e3o Paulo, Noviembre 2013<\/p>\n\n\n\n<div class=\"wp-block-buttons is-content-justification-center is-layout-flex wp-container-5\">\n<div class=\"wp-block-button\"><a class=\"wp-block-button__link has-white-color has-cyan-bluish-gray-background-color has-text-color has-background wp-element-button\" href=\"http:\/\/www.javierfsebastian.com\/wp-web\/wp-content\/uploads\/2013\/06\/JFS_Entrevista_Revista_de_Historia_Brasil_2013-copia-2.pdf\" target=\"_blank\" rel=\"noreferrer noopener\">Disponible aqu\u00ed<\/a><\/div>\n<\/div>\n\n\n\n<hr class=\"wp-block-separator has-alpha-channel-opacity is-style-wide\"\/>\n\n\n\n<p><strong>20\/11\/2012.<\/strong> Viva la Pepa, pero sin futurismos.<br><strong>Art\u00edculo en El Pa\u00eds<\/strong> sobre el seminario \u201cLa Constituci\u00f3n de 1812 como fundamento de la edad de oro liberal\u201d, en el que particip\u00f3 Javier F. Sebasti\u00e1n.<\/p>\n\n\n\n<div class=\"wp-block-buttons is-content-justification-center is-layout-flex wp-container-6\">\n<div class=\"wp-block-button\"><a class=\"wp-block-button__link has-white-color has-cyan-bluish-gray-background-color has-text-color has-background has-text-align-center wp-element-button\" href=\"http:\/\/cultura.elpais.com\/cultura\/2012\/11\/19\/actualidad\/1353356569_692431.html\" target=\"_blank\" rel=\"noreferrer noopener\">Disponible aqu\u00ed<\/a><\/div>\n<\/div>\n\n\n\n<hr class=\"wp-block-separator has-alpha-channel-opacity is-style-wide\"\/>\n\n\n\n<p><strong>Septiembre de 2012.<\/strong> La modernidad constituyente<br>Conversaci\u00f3n con el profesor <strong>Txema Portillo<\/strong><\/p>\n\n\n\n<div class=\"wp-block-buttons is-content-justification-center is-layout-flex wp-container-7\">\n<div class=\"wp-block-button\"><a class=\"wp-block-button__link has-white-color has-cyan-bluish-gray-background-color has-text-color has-background wp-element-button\" href=\"http:\/\/www.javierfsebastian.com\/wp-web\/wp-content\/uploads\/2013\/06\/Txema_Portillo_Entrevista_con_Javier_Fernandez_Sebastian.docx\" target=\"_blank\" rel=\"noreferrer noopener\">Disponible aqu\u00ed<\/a><\/div>\n<\/div>\n\n\n\n<hr class=\"wp-block-separator has-alpha-channel-opacity is-style-wide\"\/>\n\n\n\n<p><strong>10\/09\/2012. El Imparcial<\/strong><br>\u201cMuchos de aquellos pioneros liberales se imaginaban como parte de un movimiento transnacional, euroamericano\u201d<\/p>\n\n\n\n<div class=\"wp-block-buttons is-content-justification-center is-layout-flex wp-container-8\">\n<div class=\"wp-block-button\"><a class=\"wp-block-button__link has-white-color has-cyan-bluish-gray-background-color has-text-color has-background wp-element-button\" href=\"https:\/\/www.elimparcial.es\/noticia\/110844\/america\/muchos-de-aquellos-pioneros-liberales-se-imaginaban-a-si-mismos-como-parte-de-un-movimiento-transnacional-euroamericano-\" target=\"_blank\" rel=\"noreferrer noopener\">Disponible aqu\u00ed<\/a><\/div>\n<\/div>\n\n\n\n<hr class=\"wp-block-separator has-alpha-channel-opacity is-style-wide\"\/>\n\n\n\n<p><strong>5\/09\/2012. Universia.<\/strong><br>Entrevista realizada por el portal Universia con motivo de la celebraci\u00f3n del <strong>IV Congreso Iberconceptos en Bilbao<\/strong>.<\/p>\n\n\n\n<div class=\"wp-block-buttons is-content-justification-center is-layout-flex wp-container-9\">\n<div class=\"wp-block-button\"><a class=\"wp-block-button__link has-white-color has-cyan-bluish-gray-background-color has-text-color has-background wp-element-button\" href=\"http:\/\/www.javierfsebastian.com\/wp-web\/wp-content\/uploads\/2013\/06\/JFS_Entrevista_IV_Congreso_Iberconceptos_Universia.pdf\" target=\"_blank\" rel=\"noreferrer noopener\">Disponible aqu\u00ed<\/a><\/div>\n<\/div>\n\n\n\n<hr class=\"wp-block-separator has-alpha-channel-opacity is-style-wide\"\/>\n\n\n\n<p><strong>29\/09\/2011. entrevista, realizada por la Directora del Programa de Historia de las Ideas Pol\u00edticas de la UDP, Ana Mar\u00eda Stuven<\/strong><br>La entrevista se enmarca en las conferencias que Javier Fern\u00e1ndez Sebasti\u00e1n realiz\u00f3 en su visita a la Universidad chilena Diego Portales.<\/p>\n\n\n\n<figure class=\"wp-block-embed is-type-video is-provider-youtube wp-block-embed-youtube wp-embed-aspect-16-9 wp-has-aspect-ratio\"><div class=\"wp-block-embed__wrapper\">\n<iframe loading=\"lazy\" title=\"Entrevista a Javier Fern\u00e1ndez Sebasti\u00e1n (primera parte)\" width=\"640\" height=\"360\" src=\"https:\/\/www.youtube.com\/embed\/gj8eZFlknl8?feature=oembed\" frameborder=\"0\" allow=\"accelerometer; autoplay; clipboard-write; encrypted-media; gyroscope; picture-in-picture; web-share\" allowfullscreen><\/iframe>\n<\/div><\/figure>\n\n\n\n<hr class=\"wp-block-separator has-alpha-channel-opacity is-style-wide\"\/>\n\n\n\n<p><strong>9\/10\/2011. Ciudad de las Ideas<\/strong><br>Historia Conceptual: Una nueva mirada al pasado<\/p>\n\n\n\n<div class=\"wp-block-buttons is-content-justification-center is-layout-flex wp-container-10\">\n<div class=\"wp-block-button\"><a class=\"wp-block-button__link has-white-color has-cyan-bluish-gray-background-color has-text-color has-background wp-element-button\" href=\"https:\/\/ciudadideas.blogspot.com\/2011\/10\/historia-conceptual-una-nueva-mirada-al.html\" target=\"_blank\" rel=\"noreferrer noopener\">Disponible aqu\u00ed<\/a><\/div>\n<\/div>\n\n\n\n<hr class=\"wp-block-separator has-alpha-channel-opacity is-style-wide\"\/>\n\n\n\n<p><strong>9\/10\/2011. El Mercurio<\/strong><br>Historia conceptual. Una nueva mirada al pasado<\/p>\n\n\n\n<div class=\"wp-block-buttons is-content-justification-center is-layout-flex wp-container-11\">\n<div class=\"wp-block-button\"><a class=\"wp-block-button__link has-white-color has-cyan-bluish-gray-background-color has-text-color has-background wp-element-button\" href=\"http:\/\/www.javierfsebastian.com\/wp-web\/wp-content\/uploads\/2013\/06\/EL-MERCURIO.doc\" target=\"_blank\" rel=\"noreferrer noopener\">Disponible aqu\u00ed<\/a><\/div>\n<\/div>\n\n\n\n<hr class=\"wp-block-separator has-alpha-channel-opacity is-style-wide\"\/>\n\n\n\n<p><strong>9\/11\/2011. Brecha<\/strong><br>La Historia sin melancol\u00eda<\/p>\n\n\n\n<div class=\"wp-block-buttons is-content-justification-center is-layout-flex wp-container-12\">\n<div class=\"wp-block-button\"><a class=\"wp-block-button__link has-white-color has-cyan-bluish-gray-background-color has-text-color has-background wp-element-button\" href=\"http:\/\/www.javierfsebastian.com\/wp-web\/wp-content\/uploads\/2013\/06\/CongresoIbercConceptos_Montevideo_Brecha_9_09_2011.pdf\" target=\"_blank\" rel=\"noreferrer noopener\">Disponible aqu\u00ed<\/a><\/div>\n<\/div>\n\n\n\n<hr class=\"wp-block-separator has-alpha-channel-opacity is-style-wide\"\/>\n\n\n\n<p><strong>2\/09\/2011. Resumen de prensa<\/strong><br>Presentaci\u00f3n del libro \u201cPolitical Concepts and Time\u201d<\/p>\n\n\n\n<div class=\"wp-block-buttons is-content-justification-center is-layout-flex wp-container-13\">\n<div class=\"wp-block-button\"><a class=\"wp-block-button__link has-white-color has-cyan-bluish-gray-background-color has-text-color has-background wp-element-button\" href=\"http:\/\/www.javierfsebastian.com\/wp-web\/wp-content\/uploads\/2013\/06\/Presentacion_Libro_McGraw_Hill_Resumen_prensa_CUP.pdf\" target=\"_blank\" rel=\"noreferrer noopener\">Disponible aqu\u00ed<\/a><\/div>\n<\/div>\n\n\n\n<hr class=\"wp-block-separator has-alpha-channel-opacity is-style-wide\"\/>\n\n\n\n<p><strong>Junio 2011. Vie des Id\u00e9es<\/strong><br>L\u2019ab\u00e9c\u00e9daire ib\u00e9ro-am\u00e9ricain de la modernit\u00e9 politique.<\/p>\n\n\n\n<div class=\"wp-block-buttons is-content-justification-center is-layout-flex wp-container-14\">\n<div class=\"wp-block-button\"><a class=\"wp-block-button__link has-white-color has-cyan-bluish-gray-background-color has-text-color has-background wp-element-button\" href=\"https:\/\/laviedesidees.fr\/L-abecedaire-ibero-americain-de-la.html?lang=fr\" target=\"_blank\" rel=\"noreferrer noopener\">Disponible aqu\u00ed<\/a><\/div>\n<\/div>\n\n\n\n<hr class=\"wp-block-separator has-alpha-channel-opacity is-style-wide\"\/>\n\n\n\n<p><strong>20\/3\/2010. El Correo. Territorios<\/strong><br>El poder de la palabra. Javier Fern\u00e1ndez Sebasti\u00e1n dirige un diccionario de conceptos del mundo iberoamericano en la era de las revoluciones<\/p>\n\n\n\n<div class=\"wp-block-buttons is-content-justification-center is-layout-flex wp-container-15\">\n<div class=\"wp-block-button\"><a class=\"wp-block-button__link has-white-color has-cyan-bluish-gray-background-color has-text-color has-background wp-element-button\" href=\"http:\/\/www.javierfsebastian.com\/wp-web\/wp-content\/uploads\/2013\/06\/DiccionarioConceptosIberoamericanos.pdf\" target=\"_blank\" rel=\"noreferrer noopener\">Disponible aqu\u00ed<\/a><\/div>\n<\/div>\n\n\n\n<hr class=\"wp-block-separator has-alpha-channel-opacity is-style-wide\"\/>\n\n\n\n<p><strong>7\/3\/2010. Deia<\/strong><br>\u201cHay que saber el patrimonio con que entran y salen de la pol\u00edtica\u201d<\/p>\n\n\n\n<div class=\"wp-block-buttons is-content-justification-center is-layout-flex wp-container-16\">\n<div class=\"wp-block-button\"><a class=\"wp-block-button__link has-white-color has-cyan-bluish-gray-background-color has-text-color has-background wp-element-button\" href=\"http:\/\/www.javierfsebastian.com\/wp-web\/wp-content\/uploads\/2013\/06\/Corrupcion-Sistemas-Democraticos.pdf\" target=\"_blank\" rel=\"noreferrer noopener\">Disponible aqu\u00ed<\/a><\/div>\n<\/div>\n\n\n\n<hr class=\"wp-block-separator has-alpha-channel-opacity is-style-wide\"\/>\n\n\n\n<p><strong>4\/11\/2009. La Diaria<\/strong><br>Palabras armadas. El lenguaje y su potencialidad transformadora desde el punto de vista hist\u00f3rico.<\/p>\n\n\n\n<div class=\"wp-block-buttons is-content-justification-center is-layout-flex wp-container-17\">\n<div class=\"wp-block-button\"><a class=\"wp-block-button__link has-white-color has-cyan-bluish-gray-background-color has-text-color has-background wp-element-button\" href=\"http:\/\/www.javierfsebastian.com\/wp-web\/wp-content\/uploads\/2013\/06\/La-historia-a-traves-de-las-palabras-conceptos-y-metaforas.pdf\" target=\"_blank\" rel=\"noreferrer noopener\">Disponible aqu\u00ed<\/a><\/div>\n<\/div>\n\n\n\n<hr class=\"wp-block-separator has-alpha-channel-opacity is-style-wide\"\/>\n\n\n\n<p><strong>16\/8\/2009. Mauricio Daniel Bruno Tamburi<\/strong><br>Entrevista de Mauricio Daniel Bruno Tamburi a Javier Fern\u00e1ndez Sebasti\u00e1n (Montevideo, 16 de agosto de 2009)<\/p>\n\n\n\n<div class=\"wp-block-buttons is-content-justification-center is-layout-flex wp-container-18\">\n<div class=\"wp-block-button\"><a class=\"wp-block-button__link has-white-color has-cyan-bluish-gray-background-color has-text-color has-background wp-element-button\" href=\"http:\/\/www.javierfsebastian.com\/wp-web\/wp-content\/uploads\/2013\/06\/Entrevista_a_JFS_por_M_Bruno_09.pdf\" target=\"_blank\" rel=\"noreferrer noopener\">Disponible aqu\u00ed<\/a><\/div>\n<\/div>\n\n\n\n<hr class=\"wp-block-separator has-alpha-channel-opacity is-style-wide\"\/>\n\n\n\n<p><strong>Abril 2009. Campusa<\/strong><br>Desde A de Administraci\u00f3n hasta U de Utop\u00eda<\/p>\n\n\n\n<div class=\"wp-block-buttons is-content-justification-center is-layout-flex wp-container-19\">\n<div class=\"wp-block-button\"><a class=\"wp-block-button__link has-white-color has-cyan-bluish-gray-background-color has-text-color has-background wp-element-button\" href=\"http:\/\/www.javierfsebastian.com\/wp-web\/wp-content\/uploads\/2013\/06\/Diccionario-politico-y-social-del-sXX-espanol.pdf\" target=\"_blank\" rel=\"noreferrer noopener\">Disponible aqu\u00ed<\/a><\/div>\n<\/div>\n\n\n\n<hr class=\"wp-block-separator has-alpha-channel-opacity is-style-wide\"\/>\n\n\n\n<p><strong>5\/1\/2009. P\u00fablico<\/strong><br>\u201cLa historia actual describe un giro paulatino a la izquierda\u201d<\/p>\n\n\n\n<div class=\"wp-block-buttons is-content-justification-center is-layout-flex wp-container-20\">\n<div class=\"wp-block-button is-style-fill\"><a class=\"wp-block-button__link has-white-color has-cyan-bluish-gray-background-color has-text-color has-background wp-element-button\" href=\"http:\/\/www.javierfsebastian.com\/wp-web\/wp-content\/uploads\/2013\/06\/Entrevista-Javier-Fernandez-Sebastian-y-Juan-F-Fuentes.pdf\" target=\"_blank\" rel=\"noreferrer noopener\">Disponible aqu\u00ed<\/a><\/div>\n<\/div>\n\n\n\n<hr class=\"wp-block-separator has-alpha-channel-opacity is-style-wide\"\/>\n\n\n\n<p><strong>3\/1\/2008. ADN<\/strong><br>El viaje de los conceptos<\/p>\n\n\n\n<div class=\"wp-block-buttons is-content-justification-center is-layout-flex wp-container-21\">\n<div class=\"wp-block-button\"><a class=\"wp-block-button__link has-white-color has-cyan-bluish-gray-background-color has-text-color has-background wp-element-button\" href=\"http:\/\/29\/http:\/\/www.javierfsebastian.com\/wp-web\/wp-content\/uploads\/2013\/06\/ADN-CONCEPTOS.pdf\" target=\"_blank\" rel=\"noreferrer noopener\">Disponible aqu\u00ed<\/a><\/div>\n<\/div>\n\n\n\n<hr class=\"wp-block-separator has-alpha-channel-opacity is-style-wide\"\/>\n\n\n\n<p><strong>3\/1\/2008. El Correo<\/strong><br>\u201cLa pol\u00edtica ya no es el motor de la sociedad\u201d<\/p>\n\n\n\n<div class=\"wp-block-buttons is-content-justification-center is-layout-flex wp-container-22\">\n<div class=\"wp-block-button\"><a class=\"wp-block-button__link has-white-color has-cyan-bluish-gray-background-color has-text-color has-background wp-element-button\" href=\"http:\/\/www.javierfsebastian.com\/wp-web\/wp-content\/uploads\/2013\/06\/Un-siglo-de-cultura-politica-espanola.pdf\" target=\"_blank\" rel=\"noreferrer noopener\">Disponible aqu\u00ed<\/a><\/div>\n<\/div>\n\n\n\n<hr class=\"wp-block-separator has-alpha-channel-opacity is-style-wide\"\/>\n\n\n\n<p><strong>7\/2\/2006. El Pa\u00eds<\/strong><br>30 Universidades analizan la evoluci\u00f3n del lenguaje pol\u00edtico y social en Iberoam\u00e9rica<\/p>\n\n\n\n<div class=\"wp-block-buttons is-content-justification-center is-layout-flex wp-container-23\">\n<div class=\"wp-block-button\"><a class=\"wp-block-button__link has-white-color has-cyan-bluish-gray-background-color has-text-color has-background wp-element-button\" href=\"http:\/\/www.javierfsebastian.com\/wp-web\/wp-content\/uploads\/2013\/06\/30-universidades-analizan-la-evolucion-del-lenguaje-politico-y-social-en-Iberoamerica.pdf\" target=\"_blank\" rel=\"noreferrer noopener\">Disponible aqu\u00ed<\/a><\/div>\n<\/div>\n\n\n\n<hr class=\"wp-block-separator has-alpha-channel-opacity is-style-wide\"\/>\n\n\n\n<p><strong>Julio 2005. Christian Mu\u00f1oz<\/strong><br>Gotemburgo, Suecia. G\u00f6teborgs Universitet, Iberoamerikanska Institutet, julio 2005. Entrevista a Javier Fern\u00e1ndez Sebasti\u00e1n por Christian Mu\u00f1oz.<\/p>\n\n\n\n<div class=\"wp-block-buttons is-content-justification-center is-layout-flex wp-container-24\">\n<div class=\"wp-block-button\"><a class=\"wp-block-button__link has-white-color has-cyan-bluish-gray-background-color has-text-color has-background has-text-align-center wp-element-button\" href=\"http:\/\/www.javierfsebastian.com\/wp-web\/wp-content\/uploads\/2013\/06\/Goteborg_Interview_2005.pdf\" target=\"_blank\" rel=\"noreferrer noopener\">Disponible aqu\u00ed<\/a><\/div>\n<\/div>\n","protected":false},"excerpt":{"rendered":"<p>Cap\u00edtulo-entrevista en Mauricio Meglioli, ed.,\u00a0Los historiadores y sus libros, Madrid: Guillermo Escolar, 2021, pp. 37-68. Entrevista \u201cTeor\u00eda de la Historia, conciencia hist\u00f3rica e historia conceptual: una conversaci\u00f3n con Javier Fern\u00e1ndez&#8230;<\/p>\n","protected":false},"author":1,"featured_media":0,"parent":0,"menu_order":0,"comment_status":"closed","ping_status":"closed","template":"","meta":[],"_links":{"self":[{"href":"https:\/\/javierfsebastian.es\/index.php?rest_route=\/wp\/v2\/pages\/22"}],"collection":[{"href":"https:\/\/javierfsebastian.es\/index.php?rest_route=\/wp\/v2\/pages"}],"about":[{"href":"https:\/\/javierfsebastian.es\/index.php?rest_route=\/wp\/v2\/types\/page"}],"author":[{"embeddable":true,"href":"https:\/\/javierfsebastian.es\/index.php?rest_route=\/wp\/v2\/users\/1"}],"replies":[{"embeddable":true,"href":"https:\/\/javierfsebastian.es\/index.php?rest_route=%2Fwp%2Fv2%2Fcomments&post=22"}],"version-history":[{"count":6,"href":"https:\/\/javierfsebastian.es\/index.php?rest_route=\/wp\/v2\/pages\/22\/revisions"}],"predecessor-version":[{"id":351,"href":"https:\/\/javierfsebastian.es\/index.php?rest_route=\/wp\/v2\/pages\/22\/revisions\/351"}],"wp:attachment":[{"href":"https:\/\/javierfsebastian.es\/index.php?rest_route=%2Fwp%2Fv2%2Fmedia&parent=22"}],"curies":[{"name":"wp","href":"https:\/\/api.w.org\/{rel}","templated":true}]}}