{"id":26,"date":"2023-06-26T12:36:06","date_gmt":"2023-06-26T12:36:06","guid":{"rendered":"https:\/\/javierfsebastian.es\/?page_id=26"},"modified":"2023-06-26T19:32:48","modified_gmt":"2023-06-26T19:32:48","slug":"cv","status":"publish","type":"page","link":"https:\/\/javierfsebastian.es\/?page_id=26","title":{"rendered":"CV"},"content":{"rendered":"<div class=\"wp-block-image\">\n<figure class=\"aligncenter size-full is-resized\"><img decoding=\"async\" loading=\"lazy\" src=\"https:\/\/javierfsebastian.es\/wp-content\/uploads\/2023\/06\/IMAGEN-17-3.jpg\" alt=\"\" class=\"wp-image-141\" width=\"422\" height=\"280\" srcset=\"https:\/\/javierfsebastian.es\/wp-content\/uploads\/2023\/06\/IMAGEN-17-3.jpg 844w, https:\/\/javierfsebastian.es\/wp-content\/uploads\/2023\/06\/IMAGEN-17-3-300x199.jpg 300w, https:\/\/javierfsebastian.es\/wp-content\/uploads\/2023\/06\/IMAGEN-17-3-768x510.jpg 768w\" sizes=\"(max-width: 422px) 100vw, 422px\" \/><figcaption class=\"wp-element-caption\"><strong>Dr. en Historia<\/strong><br><strong>Categor\u00eda:<\/strong>\u00a0Catedr\u00e1tico de Universidad<br><strong>Departamento:<\/strong>: Derecho Constitucional e Historia del Pensamiento Pol\u00edtico<br><strong>Centro:<\/strong>\u00a0Facultad de Ciencias Sociales y de la Comunicaci\u00f3n<br><strong>Correo electr\u00f3nico:<\/strong>\u00a0javier.fsebastian@ehu.es<br><strong>Tel\u00e9fono:<\/strong>\u00a0946 012 396<\/figcaption><\/figure><\/div>\n\n\n<hr class=\"wp-block-separator has-alpha-channel-opacity is-style-dots\"\/>\n\n\n\n<p class=\"has-white-color has-cyan-bluish-gray-background-color has-text-color has-background\" style=\"font-size:16px\">Dr. en Historia. Catedr\u00e1tico de Historia del Pensamiento Pol\u00edtico. IP del Grupo Historia Intelectual de la Pol\u00edtica Moderna y del Proyecto de Investigaci\u00f3n HAR2017-84032-P. Ha sido profesor o investigador invitado en diversas universidades europeas y de las dos Am\u00e9ricas. Especializado en Historia Conceptual, ha publicado numerosos libros y art\u00edculos en ese campo. Miembro del Editorial Board de varias colecciones en Springer, Berghahn, y otras, as\u00ed como del C. de Redacci\u00f3n de la Revista de Estudios Pol\u00edticos, Contributions to the History of Concepts, etc., dirige la revista Ariadna hist\u00f3rica. Fundador y coordinador de Iberconceptos. Promotor del European Conceptual History Project.<\/p>\n\n\n\n<hr class=\"wp-block-separator has-alpha-channel-opacity is-style-dots\"\/>\n\n\n\n<div class=\"wp-block-file\"><object class=\"wp-block-file__embed\" data=\"https:\/\/javierfsebastian.es\/wp-content\/uploads\/2023\/06\/CV_JFSEBASTIAN.pdf\" type=\"application\/pdf\" style=\"width:100%;height:529px\" aria-label=\"Incrustado de CV_JFSEBASTIAN.\"><\/object><a id=\"wp-block-file--media-c77a0b86-8e23-4e69-bceb-a9d04aec4603\" href=\"https:\/\/javierfsebastian.es\/wp-content\/uploads\/2023\/06\/CV_JFSEBASTIAN.pdf\">CV_JFSEBASTIAN<\/a><a href=\"https:\/\/javierfsebastian.es\/wp-content\/uploads\/2023\/06\/CV_JFSEBASTIAN.pdf\" class=\"wp-block-file__button wp-element-button\" download aria-describedby=\"wp-block-file--media-c77a0b86-8e23-4e69-bceb-a9d04aec4603\">Descarga<\/a><\/div>\n","protected":false},"excerpt":{"rendered":"<p>Dr. en Historia. Catedr\u00e1tico de Historia del Pensamiento Pol\u00edtico. IP del Grupo Historia Intelectual de la Pol\u00edtica Moderna y del Proyecto de Investigaci\u00f3n HAR2017-84032-P. Ha sido profesor o investigador invitado&#8230;<\/p>\n","protected":false},"author":1,"featured_media":0,"parent":0,"menu_order":0,"comment_status":"closed","ping_status":"closed","template":"","meta":[],"_links":{"self":[{"href":"https:\/\/javierfsebastian.es\/index.php?rest_route=\/wp\/v2\/pages\/26"}],"collection":[{"href":"https:\/\/javierfsebastian.es\/index.php?rest_route=\/wp\/v2\/pages"}],"about":[{"href":"https:\/\/javierfsebastian.es\/index.php?rest_route=\/wp\/v2\/types\/page"}],"author":[{"embeddable":true,"href":"https:\/\/javierfsebastian.es\/index.php?rest_route=\/wp\/v2\/users\/1"}],"replies":[{"embeddable":true,"href":"https:\/\/javierfsebastian.es\/index.php?rest_route=%2Fwp%2Fv2%2Fcomments&post=26"}],"version-history":[{"count":15,"href":"https:\/\/javierfsebastian.es\/index.php?rest_route=\/wp\/v2\/pages\/26\/revisions"}],"predecessor-version":[{"id":155,"href":"https:\/\/javierfsebastian.es\/index.php?rest_route=\/wp\/v2\/pages\/26\/revisions\/155"}],"wp:attachment":[{"href":"https:\/\/javierfsebastian.es\/index.php?rest_route=%2Fwp%2Fv2%2Fmedia&parent=26"}],"curies":[{"name":"wp","href":"https:\/\/api.w.org\/{rel}","templated":true}]}}

<div class="wp-block-image">
<figure class="aligncenter size-full is-resized"><img decoding="async" loading="lazy" src="https://javierfsebastian.es/wp-content/uploads/2023/06/IMAGEN-17-3.jpg" alt="" class="wp-image-141" width="422" height="280" srcset="https://javierfsebastian.es/wp-content/uploads/2023/06/IMAGEN-17-3.jpg 844w, https://javierfsebastian.es/wp-content/uploads/2023/06/IMAGEN-17-3-300x199.jpg 300w, https://javierfsebastian.es/wp-content/uploads/2023/06/IMAGEN-17-3-768x510.jpg 768w" sizes="(max-width: 422px) 100vw, 422px" /><figcaption class="wp-element-caption"><strong>Dr. en Historia</strong><br><strong>Categoría:</strong> Catedrático de Universidad<br><strong>Departamento:</strong>: Derecho Constitucional e Historia del Pensamiento Político<br><strong>Centro:</strong> Facultad de Ciencias Sociales y de la Comunicación<br><strong>Correo electrónico:</strong> javier.fsebastian@ehu.es<br><strong>Teléfono:</strong> 946 012 396</figcaption></figure></div>


<hr class="wp-block-separator has-alpha-channel-opacity is-style-dots"/>



<p class="has-white-color has-cyan-bluish-gray-background-color has-text-color has-background" style="font-size:16px">Dr. en Historia. Catedrático de Historia del Pensamiento Político. IP del Grupo Historia Intelectual de la Política Moderna y del Proyecto de Investigación HAR2017-84032-P. Ha sido profesor o investigador invitado en diversas universidades europeas y de las dos Américas. Especializado en Historia Conceptual, ha publicado numerosos libros y artículos en ese campo. Miembro del Editorial Board de varias colecciones en Springer, Berghahn, y otras, así como del C. de Redacción de la Revista de Estudios Políticos, Contributions to the History of Concepts, etc., dirige la revista Ariadna histórica. Fundador y coordinador de Iberconceptos. Promotor del European Conceptual History Project.</p>



<hr class="wp-block-separator has-alpha-channel-opacity is-style-dots"/>



<div class="wp-block-file"><object class="wp-block-file__embed" data="https://javierfsebastian.es/wp-content/uploads/2023/06/CV_JFSEBASTIAN.pdf" type="application/pdf" style="width:100%;height:529px" aria-label="Incrustado de CV_JFSEBASTIAN."></object><a id="wp-block-file--media-c77a0b86-8e23-4e69-bceb-a9d04aec4603" href="https://javierfsebastian.es/wp-content/uploads/2023/06/CV_JFSEBASTIAN.pdf">CV_JFSEBASTIAN</a><a href="https://javierfsebastian.es/wp-content/uploads/2023/06/CV_JFSEBASTIAN.pdf" class="wp-block-file__button wp-element-button" download aria-describedby="wp-block-file--media-c77a0b86-8e23-4e69-bceb-a9d04aec4603">Descarga</a></div>

<p>Dr. en Historia. Catedrático de Historia del Pensamiento Político. IP del Grupo Historia Intelectual de la Política Moderna y del Proyecto de Investigación HAR2017-84032-P. Ha sido profesor o investigador invitado&#8230;</p>
